{"id":1523,"date":"2025-08-04T13:52:09","date_gmt":"2025-08-04T13:52:09","guid":{"rendered":"https:\/\/porukamira.com\/?page_id=1523"},"modified":"2025-08-06T14:58:04","modified_gmt":"2025-08-06T14:58:04","slug":"video-klipovi","status":"publish","type":"page","link":"https:\/\/porukamira.com\/index.php\/video-klipovi\/","title":{"rendered":"Video klipovi"},"content":{"rendered":"<div id='welcome'  class='av-layout-grid-container av-vue99-5c383ff0ffe81fe4903361d2863743af entry-content-wrapper main_color av-fixed-cells  avia-builder-el-0  el_before_av_section  avia-builder-el-first   container_wrap sidebar_right'  >\n\n<style type=\"text\/css\" data-created_by=\"avia_inline_auto\" id=\"style-css-av-rlrnp-55919597daf762a3193c86e0b10376ad\">\n.flex_cell.av-rlrnp-55919597daf762a3193c86e0b10376ad{\nvertical-align:top;\nheight:15px;\nmin-height:15px;\nbackground-color:#47627b;\n}\n.responsive #top #wrap_all .flex_cell.av-rlrnp-55919597daf762a3193c86e0b10376ad{\npadding:0px 0px 0px 0px !important;\n}\n<\/style>\n<div class='flex_cell av-rlrnp-55919597daf762a3193c86e0b10376ad av-gridrow-cell av_one_fourth no_margin  avia-builder-el-1  el_before_av_cell_one_fourth  avia-builder-el-first  content-align-top av-zero-padding'  ><div class='flex_cell_inner'><\/div><\/div>\n<style type=\"text\/css\" data-created_by=\"avia_inline_auto\" id=\"style-css-av-m41lp-8ef764be7bff1b90c32da2c515fb2cc6\">\n.flex_cell.av-m41lp-8ef764be7bff1b90c32da2c515fb2cc6{\nvertical-align:top;\nheight:15px;\nmin-height:15px;\nbackground-color:#527593;\n}\n.responsive #top #wrap_all .flex_cell.av-m41lp-8ef764be7bff1b90c32da2c515fb2cc6{\npadding:0px 0px 0px 0px !important;\n}\n<\/style>\n<div class='flex_cell av-m41lp-8ef764be7bff1b90c32da2c515fb2cc6 av-gridrow-cell av_one_fourth no_margin  avia-builder-el-2  el_after_av_cell_one_fourth  el_before_av_cell_one_fourth  content-align-top av-zero-padding'  ><div class='flex_cell_inner'><\/div><\/div>\n<style type=\"text\/css\" data-created_by=\"avia_inline_auto\" id=\"style-css-av-hqp91-6c998f0f60a915b8a24d7098f122c862\">\n.flex_cell.av-hqp91-6c998f0f60a915b8a24d7098f122c862{\nvertical-align:top;\nheight:15px;\nmin-height:15px;\nbackground-color:#7695ae;\n}\n.responsive #top #wrap_all .flex_cell.av-hqp91-6c998f0f60a915b8a24d7098f122c862{\npadding:0px 0px 0px 0px !important;\n}\n<\/style>\n<div class='flex_cell av-hqp91-6c998f0f60a915b8a24d7098f122c862 av-gridrow-cell av_one_fourth no_margin  avia-builder-el-3  el_after_av_cell_one_fourth  el_before_av_cell_one_fourth  content-align-top av-zero-padding'  ><div class='flex_cell_inner'><\/div><\/div>\n<style type=\"text\/css\" data-created_by=\"avia_inline_auto\" id=\"style-css-av-8ce8l-7dff45083a85e5efb768496d2e978ca0\">\n.flex_cell.av-8ce8l-7dff45083a85e5efb768496d2e978ca0{\nvertical-align:top;\nheight:15px;\nmin-height:15px;\nbackground-color:#a5c3d7;\n}\n.responsive #top #wrap_all .flex_cell.av-8ce8l-7dff45083a85e5efb768496d2e978ca0{\npadding:0px 0px 0px 0px !important;\n}\n<\/style>\n<div class='flex_cell av-8ce8l-7dff45083a85e5efb768496d2e978ca0 av-gridrow-cell av_one_fourth no_margin  avia-builder-el-4  el_after_av_cell_one_fourth  avia-builder-el-last  content-align-top av-zero-padding'  ><div class='flex_cell_inner'><\/div><\/div>\n<\/div>\n\n<style type=\"text\/css\" data-created_by=\"avia_inline_auto\" id=\"style-css-av-mbs8u3xf-f55131b4b16c72a4c1f8b029a48541bb\">\n.avia-section.av-mbs8u3xf-f55131b4b16c72a4c1f8b029a48541bb{\nbackground-color:#1a242c;\nbackground:linear-gradient( to right, #1a242c, #2e3d4a, #6c89a0 );\n}\n<\/style>\n<div id='av_section_1'  class='avia-section av-mbs8u3xf-f55131b4b16c72a4c1f8b029a48541bb main_color avia-section-small avia-no-border-styling  avia-builder-el-5  el_after_av_layout_row  el_before_av_layout_row  avia-bg-style-scroll av-minimum-height av-minimum-height-custom av-height-custom  container_wrap sidebar_right'   data-av_minimum_height_px='150'><div class='container av-section-cont-open' style='height:150px'><div class='template-page content  av-content-small alpha units'><div class='post-entry post-entry-type-page post-entry-1523'><div class='entry-content-wrapper clearfix'>\n\n<style type=\"text\/css\" data-created_by=\"avia_inline_auto\" id=\"style-css-av-mbs8v0im-19ee16f8d098169ef568e43bf02546ef\">\n#top .av-special-heading.av-mbs8v0im-19ee16f8d098169ef568e43bf02546ef{\npadding-bottom:10px;\ncolor:#ffffff;\nfont-size:45px;\n}\nbody .av-special-heading.av-mbs8v0im-19ee16f8d098169ef568e43bf02546ef .av-special-heading-tag .heading-char{\nfont-size:25px;\n}\n#top #wrap_all .av-special-heading.av-mbs8v0im-19ee16f8d098169ef568e43bf02546ef .av-special-heading-tag{\nfont-size:45px;\n}\n.av-special-heading.av-mbs8v0im-19ee16f8d098169ef568e43bf02546ef .special-heading-inner-border{\nborder-color:#ffffff;\n}\n.av-special-heading.av-mbs8v0im-19ee16f8d098169ef568e43bf02546ef .av-subheading{\nfont-size:15px;\n}\n\n@media only screen and (min-width: 480px) and (max-width: 767px){ \n#top #wrap_all .av-special-heading.av-mbs8v0im-19ee16f8d098169ef568e43bf02546ef .av-special-heading-tag{\nfont-size:0.8em;\n}\n}\n\n@media only screen and (max-width: 479px){ \n#top #wrap_all .av-special-heading.av-mbs8v0im-19ee16f8d098169ef568e43bf02546ef .av-special-heading-tag{\nfont-size:0.8em;\n}\n}\n<\/style>\n<div  class='av-special-heading av-mbs8v0im-19ee16f8d098169ef568e43bf02546ef av-special-heading-h3 custom-color-heading blockquote modern-quote  avia-builder-el-6  avia-builder-el-no-sibling  av-inherit-size'><h3 class='av-special-heading-tag '  itemprop=\"headline\"  >Video<\/h3><div class=\"special-heading-border\"><div class=\"special-heading-inner-border\"><\/div><\/div><\/div>\n\n<\/div><\/div><\/div><!-- close content main div --><\/div><\/div><div id='welcome'  class='av-layout-grid-container av-wlff7-1375b1090abccd0e65e32e19840f5d8b entry-content-wrapper main_color av-fixed-cells  avia-builder-el-7  el_after_av_section  el_before_av_section  grid-row-not-first  container_wrap sidebar_right'  >\n\n<style type=\"text\/css\" data-created_by=\"avia_inline_auto\" id=\"style-css-av-pn65v-b32aff6ae10c863c9fe560a0b2131cab\">\n.flex_cell.av-pn65v-b32aff6ae10c863c9fe560a0b2131cab{\nvertical-align:top;\nheight:15px;\nmin-height:15px;\nbackground-color:#47627b;\n}\n.responsive #top #wrap_all .flex_cell.av-pn65v-b32aff6ae10c863c9fe560a0b2131cab{\npadding:0px 0px 0px 0px !important;\n}\n<\/style>\n<div class='flex_cell av-pn65v-b32aff6ae10c863c9fe560a0b2131cab av-gridrow-cell av_one_fourth no_margin  avia-builder-el-8  el_before_av_cell_one_fourth  avia-builder-el-first  content-align-top av-zero-padding'  ><div class='flex_cell_inner'><\/div><\/div>\n<style type=\"text\/css\" data-created_by=\"avia_inline_auto\" id=\"style-css-av-jcgwb-daa6b1d82d3a1816b13b1957150c4a85\">\n.flex_cell.av-jcgwb-daa6b1d82d3a1816b13b1957150c4a85{\nvertical-align:top;\nheight:15px;\nmin-height:15px;\nbackground-color:#527593;\n}\n.responsive #top #wrap_all .flex_cell.av-jcgwb-daa6b1d82d3a1816b13b1957150c4a85{\npadding:0px 0px 0px 0px !important;\n}\n<\/style>\n<div class='flex_cell av-jcgwb-daa6b1d82d3a1816b13b1957150c4a85 av-gridrow-cell av_one_fourth no_margin  avia-builder-el-9  el_after_av_cell_one_fourth  el_before_av_cell_one_fourth  content-align-top av-zero-padding'  ><div class='flex_cell_inner'><\/div><\/div>\n<style type=\"text\/css\" data-created_by=\"avia_inline_auto\" id=\"style-css-av-h5le3-d988ea92d678c8781c35d10fc90ca355\">\n.flex_cell.av-h5le3-d988ea92d678c8781c35d10fc90ca355{\nvertical-align:top;\nheight:15px;\nmin-height:15px;\nbackground-color:#7695ae;\n}\n.responsive #top #wrap_all .flex_cell.av-h5le3-d988ea92d678c8781c35d10fc90ca355{\npadding:0px 0px 0px 0px !important;\n}\n<\/style>\n<div class='flex_cell av-h5le3-d988ea92d678c8781c35d10fc90ca355 av-gridrow-cell av_one_fourth no_margin  avia-builder-el-10  el_after_av_cell_one_fourth  el_before_av_cell_one_fourth  content-align-top av-zero-padding'  ><div class='flex_cell_inner'><\/div><\/div>\n<style type=\"text\/css\" data-created_by=\"avia_inline_auto\" id=\"style-css-av-amwbf-bd52fd9b7a0187f1ab328ba5be4169a9\">\n.flex_cell.av-amwbf-bd52fd9b7a0187f1ab328ba5be4169a9{\nvertical-align:top;\nheight:15px;\nmin-height:15px;\nbackground-color:#a5c3d7;\n}\n.responsive #top #wrap_all .flex_cell.av-amwbf-bd52fd9b7a0187f1ab328ba5be4169a9{\npadding:0px 0px 0px 0px !important;\n}\n<\/style>\n<div class='flex_cell av-amwbf-bd52fd9b7a0187f1ab328ba5be4169a9 av-gridrow-cell av_one_fourth no_margin  avia-builder-el-11  el_after_av_cell_one_fourth  avia-builder-el-last  content-align-top av-zero-padding'  ><div class='flex_cell_inner'><\/div><\/div>\n<\/div>\n<div id='av_section_2'  class='avia-section av-kshkz-b3b6d62431cb2f14688199b985d130b3 main_color avia-section-default avia-no-border-styling  avia-builder-el-12  el_after_av_layout_row  el_before_av_section  avia-bg-style-scroll container_wrap sidebar_right'  ><div class='container av-section-cont-open' ><div class='template-page content  av-content-small alpha units'><div class='post-entry post-entry-type-page post-entry-1523'><div class='entry-content-wrapper clearfix'>\n<div  class='flex_column av-36kwjn-de0441a90c9c72f355e6a718979e0962 av_one_full  avia-builder-el-13  avia-builder-el-no-sibling  first flex_column_div  '     ><p><section  class='av_textblock_section av-mdx63uxy-645afbc005c37458d9a3ff9f864fc424 '   itemscope=\"itemscope\" itemtype=\"https:\/\/schema.org\/CreativeWork\" ><div class='avia_textblock'  itemprop=\"text\" ><p>Na internetu postoji veliki izbor video materijala koji se odnose na Prem Ravatovu poruku mira. Jedan od najinteresantnijih izvora inspirativnih video klipova je i zvani\u010dni <a href=\"https:\/\/www.youtube.com\/@PremRawatOfficial\" target=\"_blank\" rel=\"noopener\"><strong>Prem Ravat kanal na Jutjubu<\/strong><\/a>. Za one koji ne vladaju dobro engleskim jezikom ovde \u0107emo predstaviti video klipove za koje je ura\u0111en srpski prevod. Ako dosad niste koristili prevod &#8211; titlove na Jutjubu pogledajte kratko uputstvo kako se aktivira prevod <a href=\"https:\/\/porukamira.com\/index.php\/yt-titl-tutorijal\/\" target=\"_blank\" rel=\"noopener\">ovde<\/a>.<\/p>\n<\/div><\/section><br \/>\n\n<style type=\"text\/css\" data-created_by=\"avia_inline_auto\" id=\"style-css-av-mdzzv9yq-997c671f217b5d75fe4a23f1df8a677a\">\n#top .hr.hr-invisible.av-mdzzv9yq-997c671f217b5d75fe4a23f1df8a677a{\nheight:40px;\n}\n<\/style>\n<div  class='hr av-mdzzv9yq-997c671f217b5d75fe4a23f1df8a677a hr-invisible  avia-builder-el-15  el_after_av_textblock  el_before_av_portfolio  avia-builder-el-last '><span class='hr-inner '><span class=\"hr-inner-style\"><\/span><\/span><\/div><br \/>\n<div  id=\"av-sc-portfolio-1\"  class=\"av-portfolio-grid-sorting-container\"><div class='sort_width_container  av-sort-yes' data-portfolio-id='1' ><div id='js_sort_items' ><div class='sort_by_cat hidden'><a href=\"#\" data-filter=\"all_sort\" class=\"all_sort_button active_sort\"><span class=\"inner_sort_button\"><span>All<\/span><small class=\"av-cat-count\"> 4 <\/small><\/span><\/a><span class=\"text-sep video-klipovi_sort_sep\">\/<\/span><a href=\"#\" data-filter=\"video-klipovi_sort\" class=\"video-klipovi_sort_button\" ><span class=\"inner_sort_button\"><span>YT-video<\/span><small class=\"av-cat-count\"> 4 <\/small><\/span><\/a><\/div><\/div><\/div><div  class=' grid-sort-container isotope   no_margin-container with-title-container grid-total-even grid-col-2 grid-links-' data-portfolio-id='1'><div data-ajax-id='1505' class=' grid-entry flex_column isotope-item all_sort no_margin post-entry post-entry-1505 grid-entry-overview grid-loop-1 grid-parity-odd  video-klipovi_sort  av_one_half first default_av_fullwidth '><article class='main_color inner-entry'  itemscope=\"itemscope\" itemtype=\"https:\/\/schema.org\/CreativeWork\" ><a href=\"https:\/\/porukamira.com\/index.php\/portfolio-item\/deset-godina-prisustva-u-medijima\/\" title='Deset godina prisustva u medijima'  data-rel='grid-1' class='grid-image avia-hover-fx'> <img decoding=\"async\" fetchpriority=\"high\" width=\"640\" height=\"360\" src=\"https:\/\/porukamira.com\/wp-content\/uploads\/2025\/08\/YT-A-Decade-in-the-Media.jpg\" class=\"wp-image-1529 avia-img-lazy-loading-not-1529 attachment-no scaling size-no scaling wp-post-image\" alt=\"\" srcset=\"https:\/\/porukamira.com\/wp-content\/uploads\/2025\/08\/YT-A-Decade-in-the-Media.jpg 640w, https:\/\/porukamira.com\/wp-content\/uploads\/2025\/08\/YT-A-Decade-in-the-Media-300x169.jpg 300w\" sizes=\"(max-width: 640px) 100vw, 640px\" \/><\/a><div class='grid-content'><div class='avia-arrow'><\/div><header class=\"entry-content-header\" aria-label=\"Portfolio: Deset godina prisustva u medijima\"><h3 class='grid-entry-title entry-title '  itemprop=\"headline\" ><a href='https:\/\/porukamira.com\/index.php\/portfolio-item\/deset-godina-prisustva-u-medijima\/' title='Deset godina prisustva u medijima'>Deset godina prisustva u medijima<\/a><\/h3><\/header><\/div><footer class=\"entry-footer\"><\/footer><\/article><\/div><div data-ajax-id='1515' class=' grid-entry flex_column isotope-item all_sort no_margin post-entry post-entry-1515 grid-entry-overview grid-loop-2 grid-parity-even  video-klipovi_sort  av_one_half  default_av_fullwidth '><article class='main_color inner-entry'  itemscope=\"itemscope\" itemtype=\"https:\/\/schema.org\/CreativeWork\" ><a href=\"https:\/\/porukamira.com\/index.php\/portfolio-item\/1515\/\" title='U\u010dini svoj \u017eivot vrednim \u017eivljenja'  data-rel='grid-1' class='grid-image avia-hover-fx'> <img decoding=\"async\" fetchpriority=\"high\" width=\"640\" height=\"360\" src=\"https:\/\/porukamira.com\/wp-content\/uploads\/2025\/08\/YT-Make-It-Count.jpg\" class=\"wp-image-1530 avia-img-lazy-loading-not-1530 attachment-no scaling size-no scaling wp-post-image\" alt=\"\" srcset=\"https:\/\/porukamira.com\/wp-content\/uploads\/2025\/08\/YT-Make-It-Count.jpg 640w, https:\/\/porukamira.com\/wp-content\/uploads\/2025\/08\/YT-Make-It-Count-300x169.jpg 300w\" sizes=\"(max-width: 640px) 100vw, 640px\" \/><\/a><div class='grid-content'><div class='avia-arrow'><\/div><header class=\"entry-content-header\" aria-label=\"Portfolio: U\u010dini svoj \u017eivot vrednim \u017eivljenja\"><h3 class='grid-entry-title entry-title '  itemprop=\"headline\" ><a href='https:\/\/porukamira.com\/index.php\/portfolio-item\/1515\/' title='U\u010dini svoj \u017eivot vrednim \u017eivljenja'>U\u010dini svoj \u017eivot vrednim \u017eivljenja<\/a><\/h3><\/header><\/div><footer class=\"entry-footer\"><\/footer><\/article><\/div><div data-ajax-id='1518' class=' grid-entry flex_column isotope-item all_sort no_margin post-entry post-entry-1518 grid-entry-overview grid-loop-3 grid-parity-odd  video-klipovi_sort  av_one_half first default_av_fullwidth '><article class='main_color inner-entry'  itemscope=\"itemscope\" itemtype=\"https:\/\/schema.org\/CreativeWork\" ><a href=\"https:\/\/porukamira.com\/index.php\/portfolio-item\/nema-razloga-za-strah\/\" title='Nema razloga za strah'  data-rel='grid-1' class='grid-image avia-hover-fx'> <img decoding=\"async\" fetchpriority=\"high\" width=\"640\" height=\"360\" src=\"https:\/\/porukamira.com\/wp-content\/uploads\/2025\/08\/YT-No-Reason-To-Fear-640.jpg\" class=\"wp-image-1542 avia-img-lazy-loading-not-1542 attachment-no scaling size-no scaling wp-post-image\" alt=\"\" srcset=\"https:\/\/porukamira.com\/wp-content\/uploads\/2025\/08\/YT-No-Reason-To-Fear-640.jpg 640w, https:\/\/porukamira.com\/wp-content\/uploads\/2025\/08\/YT-No-Reason-To-Fear-640-300x169.jpg 300w\" sizes=\"(max-width: 640px) 100vw, 640px\" \/><\/a><div class='grid-content'><div class='avia-arrow'><\/div><header class=\"entry-content-header\" aria-label=\"Portfolio: Nema razloga za strah\"><h3 class='grid-entry-title entry-title '  itemprop=\"headline\" ><a href='https:\/\/porukamira.com\/index.php\/portfolio-item\/nema-razloga-za-strah\/' title='Nema razloga za strah'>Nema razloga za strah<\/a><\/h3><\/header><\/div><footer class=\"entry-footer\"><\/footer><\/article><\/div><div data-ajax-id='1521' class=' grid-entry flex_column isotope-item all_sort no_margin post-entry post-entry-1521 grid-entry-overview grid-loop-4 grid-parity-even  post-entry-last  video-klipovi_sort  av_one_half  default_av_fullwidth '><article class='main_color inner-entry'  itemscope=\"itemscope\" itemtype=\"https:\/\/schema.org\/CreativeWork\" ><a href=\"https:\/\/porukamira.com\/index.php\/portfolio-item\/tvoje-vreme\/\" title='Tvoje vreme'  data-rel='grid-1' class='grid-image avia-hover-fx'> <img decoding=\"async\" fetchpriority=\"high\" width=\"640\" height=\"360\" src=\"https:\/\/porukamira.com\/wp-content\/uploads\/2025\/08\/YT-Your-Time-640.jpg\" class=\"wp-image-1543 avia-img-lazy-loading-not-1543 attachment-no scaling size-no scaling wp-post-image\" alt=\"\" srcset=\"https:\/\/porukamira.com\/wp-content\/uploads\/2025\/08\/YT-Your-Time-640.jpg 640w, https:\/\/porukamira.com\/wp-content\/uploads\/2025\/08\/YT-Your-Time-640-300x169.jpg 300w\" sizes=\"(max-width: 640px) 100vw, 640px\" \/><\/a><div class='grid-content'><div class='avia-arrow'><\/div><header class=\"entry-content-header\" aria-label=\"Portfolio: Tvoje vreme\"><h3 class='grid-entry-title entry-title '  itemprop=\"headline\" ><a href='https:\/\/porukamira.com\/index.php\/portfolio-item\/tvoje-vreme\/' title='Tvoje vreme'>Tvoje vreme<\/a><\/h3><\/header><\/div><footer class=\"entry-footer\"><\/footer><\/article><\/div><\/div><\/div>   <!--   class=\"av-portfolio-grid-sorting-container\"  --><\/p><\/div><\/div><\/div><\/div><!-- close content main div --><\/div><\/div><div id='av_section_3'  class='avia-section av-9e92b-fa1b8f11ea7bc1270ee6c236346a84b0 main_color avia-section-default avia-no-border-styling  avia-builder-el-17  el_after_av_section  el_before_av_layout_row  avia-bg-style-scroll container_wrap sidebar_right'  ><div class='container av-section-cont-open' ><div class='template-page content  av-content-small alpha units'><div class='post-entry post-entry-type-page post-entry-1523'><div class='entry-content-wrapper clearfix'>\n<div  class='avia-logo-element-container av-mbqnuyn6-d50bba64339d28a7a0c8a86906f0b80f av-border-deactivate avia-logo-slider avia-content-slider avia-smallarrow-slider avia-content-slider-active noHover avia-content-slider-odd  avia-builder-el-18  avia-builder-el-no-sibling  av-slideshow-ui av-control-hidden av-nav-arrows-visible av-nav-dots-visible av-no-slider-navigation av-hide-nav-arrows av-slideshow-manual av-loop-once av-loop-manual-endless avia-content-slider1' data-slideshow-options=\"{&quot;animation&quot;:&quot;slide&quot;,&quot;autoplay&quot;:false,&quot;loop_autoplay&quot;:&quot;once&quot;,&quot;interval&quot;:5,&quot;loop_manual&quot;:&quot;manual-endless&quot;,&quot;autoplay_stopper&quot;:false,&quot;noNavigation&quot;:true,&quot;bg_slider&quot;:false,&quot;keep_padding&quot;:&quot;&quot;,&quot;hoverpause&quot;:false,&quot;show_slide_delay&quot;:0}\"><div class='avia-smallarrow-slider-heading  no-logo-slider-heading '><\/div><div class=\"avia-content-slider-inner\"><div class=\"slide-entry-wrap\"><div  class='slide-entry av-mbqo2v6y-8961ad48301fe284e67ce00519ffe1d7 flex_column no_margin av_one_fifth real-thumbnail post-entry slide-entry-overview slide-loop-1 slide-parity-odd  first'><a href=\"https:\/\/www.wopg.org\/\" data-rel='slide-1' class='slide-image' title=''  target=\"_blank\"  rel=\"noopener noreferrer\"><img decoding=\"async\" fetchpriority=\"high\" width=\"260\" height=\"70\" src=\"https:\/\/porukamira.com\/wp-content\/uploads\/2025\/06\/logo-wopg-260.jpg\" class=\"wp-image-967 avia-img-lazy-loading-not-967 attachment-no scaling size-no scaling\" alt=\"\" \/><\/a><\/div><div  class='slide-entry av-mbqo1foq-28a216a7cffab40c15a3e7de1615b94c flex_column no_margin av_one_fifth real-thumbnail post-entry slide-entry-overview slide-loop-2 slide-parity-even  '><a href=\"https:\/\/www.premrawat.com\/\" data-rel='slide-1' class='slide-image' title=''  target=\"_blank\"  rel=\"noopener noreferrer\"><img decoding=\"async\" fetchpriority=\"high\" width=\"260\" height=\"70\" src=\"https:\/\/porukamira.com\/wp-content\/uploads\/2025\/06\/logo-pr-260.jpg\" class=\"wp-image-970 avia-img-lazy-loading-not-970 attachment-no scaling size-no scaling\" alt=\"\" \/><\/a><\/div><div  class='slide-entry av-mbqo3mmm-1d3238c45a69788b2914e7776eb7bf0a flex_column no_margin av_one_fifth real-thumbnail post-entry slide-entry-overview slide-loop-3 slide-parity-odd  '><a href=\"https:\/\/www.timelesstoday.tv\/\" data-rel='slide-1' class='slide-image' title=''  target=\"_blank\"  rel=\"noopener noreferrer\"><img decoding=\"async\" fetchpriority=\"high\" width=\"260\" height=\"70\" src=\"https:\/\/porukamira.com\/wp-content\/uploads\/2025\/06\/logo-tt-260.jpg\" class=\"wp-image-969 avia-img-lazy-loading-not-969 attachment-no scaling size-no scaling\" alt=\"\" \/><\/a><\/div><div  class='slide-entry av-mbqo4ifv-fba43609b316d0dd9b2f7331f685bd5c flex_column no_margin av_one_fifth real-thumbnail post-entry slide-entry-overview slide-loop-4 slide-parity-even  '><a href=\"https:\/\/tprf.org\/\" data-rel='slide-1' class='slide-image' title=''  target=\"_blank\"  rel=\"noopener noreferrer\"><img decoding=\"async\" fetchpriority=\"high\" width=\"260\" height=\"70\" src=\"https:\/\/porukamira.com\/wp-content\/uploads\/2025\/06\/logo-tprf-260.jpg\" class=\"wp-image-968 avia-img-lazy-loading-not-968 attachment-no scaling size-no scaling\" alt=\"\" \/><\/a><\/div><div  class='slide-entry av-mbqo55wm-bbfc297593ec24c99ec8925b1267d2e0 flex_column no_margin av_one_fifth real-thumbnail post-entry slide-entry-overview slide-loop-5 slide-parity-odd post-entry-last '><a href=\"https:\/\/www.intelligentexistence.com\/\" data-rel='slide-1' class='slide-image' title=''  target=\"_blank\"  rel=\"noopener noreferrer\"><img decoding=\"async\" fetchpriority=\"high\" width=\"260\" height=\"70\" src=\"https:\/\/porukamira.com\/wp-content\/uploads\/2025\/06\/logo-ie-260.jpg\" class=\"wp-image-971 avia-img-lazy-loading-not-971 attachment-no scaling size-no scaling\" alt=\"\" \/><\/a><\/div><\/div><\/div><\/div>\n<\/p>\n<\/div><\/div><\/div><!-- close content main div --><\/div><\/div><div id='welcome'  class='av-layout-grid-container av-wdhr9-f7581b0f15400ada3f17176e02cf10c6 entry-content-wrapper main_color av-fixed-cells  avia-builder-el-19  el_after_av_section  avia-builder-el-last  grid-row-not-first  container_wrap sidebar_right'  >\n\n<style type=\"text\/css\" data-created_by=\"avia_inline_auto\" id=\"style-css-av-2wphh-6d440e8639f7397edcd7ad9f5b9071a3\">\n.flex_cell.av-2wphh-6d440e8639f7397edcd7ad9f5b9071a3{\nvertical-align:top;\nheight:15px;\nmin-height:15px;\nbackground-color:#47627b;\n}\n.responsive #top #wrap_all .flex_cell.av-2wphh-6d440e8639f7397edcd7ad9f5b9071a3{\npadding:0px 0px 0px 0px !important;\n}\n<\/style>\n<div class='flex_cell av-2wphh-6d440e8639f7397edcd7ad9f5b9071a3 av-gridrow-cell av_one_fourth no_margin  avia-builder-el-20  el_before_av_cell_one_fourth  avia-builder-el-first  content-align-top av-zero-padding'  ><div class='flex_cell_inner'><\/div><\/div>\n<style type=\"text\/css\" data-created_by=\"avia_inline_auto\" id=\"style-css-av-jitw5-16460610cd5fa0b5b06507e7b6143061\">\n.flex_cell.av-jitw5-16460610cd5fa0b5b06507e7b6143061{\nvertical-align:top;\nheight:15px;\nmin-height:15px;\nbackground-color:#527593;\n}\n.responsive #top #wrap_all .flex_cell.av-jitw5-16460610cd5fa0b5b06507e7b6143061{\npadding:0px 0px 0px 0px !important;\n}\n<\/style>\n<div class='flex_cell av-jitw5-16460610cd5fa0b5b06507e7b6143061 av-gridrow-cell av_one_fourth no_margin  avia-builder-el-21  el_after_av_cell_one_fourth  el_before_av_cell_one_fourth  content-align-top av-zero-padding'  ><div class='flex_cell_inner'><\/div><\/div>\n<style type=\"text\/css\" data-created_by=\"avia_inline_auto\" id=\"style-css-av-czn2l-306958f9bbf0f3098bdf9c8c52900e14\">\n.flex_cell.av-czn2l-306958f9bbf0f3098bdf9c8c52900e14{\nvertical-align:top;\nheight:15px;\nmin-height:15px;\nbackground-color:#7695ae;\n}\n.responsive #top #wrap_all .flex_cell.av-czn2l-306958f9bbf0f3098bdf9c8c52900e14{\npadding:0px 0px 0px 0px !important;\n}\n<\/style>\n<div class='flex_cell av-czn2l-306958f9bbf0f3098bdf9c8c52900e14 av-gridrow-cell av_one_fourth no_margin  avia-builder-el-22  el_after_av_cell_one_fourth  el_before_av_cell_one_fourth  content-align-top av-zero-padding'  ><div class='flex_cell_inner'><\/div><\/div>\n<style type=\"text\/css\" data-created_by=\"avia_inline_auto\" id=\"style-css-av-bn8sd-291868c2d06116dfe9938c12ec570349\">\n.flex_cell.av-bn8sd-291868c2d06116dfe9938c12ec570349{\nvertical-align:top;\nheight:15px;\nmin-height:15px;\nbackground-color:#a5c3d7;\n}\n.responsive #top #wrap_all .flex_cell.av-bn8sd-291868c2d06116dfe9938c12ec570349{\npadding:0px 0px 0px 0px !important;\n}\n<\/style>\n<div class='flex_cell av-bn8sd-291868c2d06116dfe9938c12ec570349 av-gridrow-cell av_one_fourth no_margin  avia-builder-el-23  el_after_av_cell_one_fourth  avia-builder-el-last  content-align-top av-zero-padding'  ><div class='flex_cell_inner'><\/div><\/div>\n<\/div>\n","protected":false},"excerpt":{"rendered":"","protected":false},"author":1,"featured_media":0,"parent":0,"menu_order":0,"comment_status":"closed","ping_status":"closed","template":"","meta":{"footnotes":""},"class_list":["post-1523","page","type-page","status-publish","hentry"],"_links":{"self":[{"href":"https:\/\/porukamira.com\/index.php\/wp-json\/wp\/v2\/pages\/1523","targetHints":{"allow":["GET"]}}],"collection":[{"href":"https:\/\/porukamira.com\/index.php\/wp-json\/wp\/v2\/pages"}],"about":[{"href":"https:\/\/porukamira.com\/index.php\/wp-json\/wp\/v2\/types\/page"}],"author":[{"embeddable":true,"href":"https:\/\/porukamira.com\/index.php\/wp-json\/wp\/v2\/users\/1"}],"replies":[{"embeddable":true,"href":"https:\/\/porukamira.com\/index.php\/wp-json\/wp\/v2\/comments?post=1523"}],"version-history":[{"count":14,"href":"https:\/\/porukamira.com\/index.php\/wp-json\/wp\/v2\/pages\/1523\/revisions"}],"predecessor-version":[{"id":1591,"href":"https:\/\/porukamira.com\/index.php\/wp-json\/wp\/v2\/pages\/1523\/revisions\/1591"}],"wp:attachment":[{"href":"https:\/\/porukamira.com\/index.php\/wp-json\/wp\/v2\/media?parent=1523"}],"curies":[{"name":"wp","href":"https:\/\/api.w.org\/{rel}","templated":true}]}}