{"id":1302,"date":"2025-06-19T16:12:41","date_gmt":"2025-06-19T16:12:41","guid":{"rendered":"https:\/\/porukamira.com\/?page_id=1302"},"modified":"2025-09-24T17:13:17","modified_gmt":"2025-09-24T17:13:17","slug":"kontakt","status":"publish","type":"page","link":"https:\/\/porukamira.com\/index.php\/kontakt\/","title":{"rendered":"Kontakt"},"content":{"rendered":"<div id='welcome'  class='av-layout-grid-container av-vue99-5c383ff0ffe81fe4903361d2863743af entry-content-wrapper main_color av-fixed-cells  avia-builder-el-0  el_before_av_section  avia-builder-el-first   container_wrap sidebar_right'  >\n\n<style type=\"text\/css\" data-created_by=\"avia_inline_auto\" id=\"style-css-av-rlrnp-55919597daf762a3193c86e0b10376ad\">\n.flex_cell.av-rlrnp-55919597daf762a3193c86e0b10376ad{\nvertical-align:top;\nheight:15px;\nmin-height:15px;\nbackground-color:#47627b;\n}\n.responsive #top #wrap_all .flex_cell.av-rlrnp-55919597daf762a3193c86e0b10376ad{\npadding:0px 0px 0px 0px !important;\n}\n<\/style>\n<div class='flex_cell av-rlrnp-55919597daf762a3193c86e0b10376ad av-gridrow-cell av_one_fourth no_margin  avia-builder-el-1  el_before_av_cell_one_fourth  avia-builder-el-first  content-align-top av-zero-padding'  ><div class='flex_cell_inner'><\/div><\/div>\n<style type=\"text\/css\" data-created_by=\"avia_inline_auto\" id=\"style-css-av-m41lp-8ef764be7bff1b90c32da2c515fb2cc6\">\n.flex_cell.av-m41lp-8ef764be7bff1b90c32da2c515fb2cc6{\nvertical-align:top;\nheight:15px;\nmin-height:15px;\nbackground-color:#527593;\n}\n.responsive #top #wrap_all .flex_cell.av-m41lp-8ef764be7bff1b90c32da2c515fb2cc6{\npadding:0px 0px 0px 0px !important;\n}\n<\/style>\n<div class='flex_cell av-m41lp-8ef764be7bff1b90c32da2c515fb2cc6 av-gridrow-cell av_one_fourth no_margin  avia-builder-el-2  el_after_av_cell_one_fourth  el_before_av_cell_one_fourth  content-align-top av-zero-padding'  ><div class='flex_cell_inner'><\/div><\/div>\n<style type=\"text\/css\" data-created_by=\"avia_inline_auto\" id=\"style-css-av-hqp91-6c998f0f60a915b8a24d7098f122c862\">\n.flex_cell.av-hqp91-6c998f0f60a915b8a24d7098f122c862{\nvertical-align:top;\nheight:15px;\nmin-height:15px;\nbackground-color:#7695ae;\n}\n.responsive #top #wrap_all .flex_cell.av-hqp91-6c998f0f60a915b8a24d7098f122c862{\npadding:0px 0px 0px 0px !important;\n}\n<\/style>\n<div class='flex_cell av-hqp91-6c998f0f60a915b8a24d7098f122c862 av-gridrow-cell av_one_fourth no_margin  avia-builder-el-3  el_after_av_cell_one_fourth  el_before_av_cell_one_fourth  content-align-top av-zero-padding'  ><div class='flex_cell_inner'><\/div><\/div>\n<style type=\"text\/css\" data-created_by=\"avia_inline_auto\" id=\"style-css-av-8ce8l-7dff45083a85e5efb768496d2e978ca0\">\n.flex_cell.av-8ce8l-7dff45083a85e5efb768496d2e978ca0{\nvertical-align:top;\nheight:15px;\nmin-height:15px;\nbackground-color:#a5c3d7;\n}\n.responsive #top #wrap_all .flex_cell.av-8ce8l-7dff45083a85e5efb768496d2e978ca0{\npadding:0px 0px 0px 0px !important;\n}\n<\/style>\n<div class='flex_cell av-8ce8l-7dff45083a85e5efb768496d2e978ca0 av-gridrow-cell av_one_fourth no_margin  avia-builder-el-4  el_after_av_cell_one_fourth  avia-builder-el-last  content-align-top av-zero-padding'  ><div class='flex_cell_inner'><\/div><\/div>\n<\/div>\n\n<style type=\"text\/css\" data-created_by=\"avia_inline_auto\" id=\"style-css-av-mbs8u3xf-f55131b4b16c72a4c1f8b029a48541bb\">\n.avia-section.av-mbs8u3xf-f55131b4b16c72a4c1f8b029a48541bb{\nbackground-color:#1a242c;\nbackground:linear-gradient( to right, #1a242c, #2e3d4a, #6c89a0 );\n}\n<\/style>\n<div id='av_section_1'  class='avia-section av-mbs8u3xf-f55131b4b16c72a4c1f8b029a48541bb main_color avia-section-small avia-no-border-styling  avia-builder-el-5  el_after_av_layout_row  el_before_av_layout_row  avia-bg-style-scroll av-minimum-height av-minimum-height-custom av-height-custom  container_wrap sidebar_right'   data-av_minimum_height_px='150'><div class='container av-section-cont-open' style='height:150px'><div class='template-page content  av-content-small alpha units'><div class='post-entry post-entry-type-page post-entry-1302'><div class='entry-content-wrapper clearfix'>\n\n<style type=\"text\/css\" data-created_by=\"avia_inline_auto\" id=\"style-css-av-mbs8v0im-449fc46bdd473b23a2d547fccdbc3684\">\n#top .av-special-heading.av-mbs8v0im-449fc46bdd473b23a2d547fccdbc3684{\npadding-bottom:10px;\ncolor:#ffffff;\nfont-size:45px;\n}\nbody .av-special-heading.av-mbs8v0im-449fc46bdd473b23a2d547fccdbc3684 .av-special-heading-tag .heading-char{\nfont-size:25px;\n}\n#top #wrap_all .av-special-heading.av-mbs8v0im-449fc46bdd473b23a2d547fccdbc3684 .av-special-heading-tag{\nfont-size:45px;\n}\n.av-special-heading.av-mbs8v0im-449fc46bdd473b23a2d547fccdbc3684 .special-heading-inner-border{\nborder-color:#ffffff;\n}\n.av-special-heading.av-mbs8v0im-449fc46bdd473b23a2d547fccdbc3684 .av-subheading{\nfont-size:15px;\n}\n\n@media only screen and (min-width: 480px) and (max-width: 767px){ \n#top #wrap_all .av-special-heading.av-mbs8v0im-449fc46bdd473b23a2d547fccdbc3684 .av-special-heading-tag{\nfont-size:0.8em;\n}\n}\n\n@media only screen and (max-width: 479px){ \n#top #wrap_all .av-special-heading.av-mbs8v0im-449fc46bdd473b23a2d547fccdbc3684 .av-special-heading-tag{\nfont-size:0.8em;\n}\n}\n<\/style>\n<div  class='av-special-heading av-mbs8v0im-449fc46bdd473b23a2d547fccdbc3684 av-special-heading-h3 custom-color-heading blockquote modern-quote  avia-builder-el-6  avia-builder-el-no-sibling  av-inherit-size'><h3 class='av-special-heading-tag '  itemprop=\"headline\"  >Kontakt<\/h3><div class=\"special-heading-border\"><div class=\"special-heading-inner-border\"><\/div><\/div><\/div>\n\n<\/div><\/div><\/div><!-- close content main div --><\/div><\/div><div id='welcome'  class='av-layout-grid-container av-3i8cj-1a3da9a78ff88557caf6088cc2e9649e entry-content-wrapper main_color av-fixed-cells  avia-builder-el-7  el_after_av_section  el_before_av_section  grid-row-not-first  container_wrap sidebar_right'  >\n\n<style type=\"text\/css\" data-created_by=\"avia_inline_auto\" id=\"style-css-av-przrv-a9d00d42d534b7273d40665bd58f124b\">\n.flex_cell.av-przrv-a9d00d42d534b7273d40665bd58f124b{\nvertical-align:top;\nheight:15px;\nmin-height:15px;\nbackground-color:#47627b;\n}\n.responsive #top #wrap_all .flex_cell.av-przrv-a9d00d42d534b7273d40665bd58f124b{\npadding:0px 0px 0px 0px !important;\n}\n<\/style>\n<div class='flex_cell av-przrv-a9d00d42d534b7273d40665bd58f124b av-gridrow-cell av_one_fourth no_margin  avia-builder-el-8  el_before_av_cell_one_fourth  avia-builder-el-first  content-align-top av-zero-padding'  ><div class='flex_cell_inner'><\/div><\/div>\n<style type=\"text\/css\" data-created_by=\"avia_inline_auto\" id=\"style-css-av-nr0gj-5671eac2f4e77b8a8a1fce399e97f272\">\n.flex_cell.av-nr0gj-5671eac2f4e77b8a8a1fce399e97f272{\nvertical-align:top;\nheight:15px;\nmin-height:15px;\nbackground-color:#527593;\n}\n.responsive #top #wrap_all .flex_cell.av-nr0gj-5671eac2f4e77b8a8a1fce399e97f272{\npadding:0px 0px 0px 0px !important;\n}\n<\/style>\n<div class='flex_cell av-nr0gj-5671eac2f4e77b8a8a1fce399e97f272 av-gridrow-cell av_one_fourth no_margin  avia-builder-el-9  el_after_av_cell_one_fourth  el_before_av_cell_one_fourth  content-align-top av-zero-padding'  ><div class='flex_cell_inner'><\/div><\/div>\n<style type=\"text\/css\" data-created_by=\"avia_inline_auto\" id=\"style-css-av-fmx0z-a9d78ca95e7e4ffe8af822a509ada74c\">\n.flex_cell.av-fmx0z-a9d78ca95e7e4ffe8af822a509ada74c{\nvertical-align:top;\nheight:15px;\nmin-height:15px;\nbackground-color:#7695ae;\n}\n.responsive #top #wrap_all .flex_cell.av-fmx0z-a9d78ca95e7e4ffe8af822a509ada74c{\npadding:0px 0px 0px 0px !important;\n}\n<\/style>\n<div class='flex_cell av-fmx0z-a9d78ca95e7e4ffe8af822a509ada74c av-gridrow-cell av_one_fourth no_margin  avia-builder-el-10  el_after_av_cell_one_fourth  el_before_av_cell_one_fourth  content-align-top av-zero-padding'  ><div class='flex_cell_inner'><\/div><\/div>\n<style type=\"text\/css\" data-created_by=\"avia_inline_auto\" id=\"style-css-av-8a2az-d8f17a09c93fe93d34ca72a4723f4be4\">\n.flex_cell.av-8a2az-d8f17a09c93fe93d34ca72a4723f4be4{\nvertical-align:top;\nheight:15px;\nmin-height:15px;\nbackground-color:#a5c3d7;\n}\n.responsive #top #wrap_all .flex_cell.av-8a2az-d8f17a09c93fe93d34ca72a4723f4be4{\npadding:0px 0px 0px 0px !important;\n}\n<\/style>\n<div class='flex_cell av-8a2az-d8f17a09c93fe93d34ca72a4723f4be4 av-gridrow-cell av_one_fourth no_margin  avia-builder-el-11  el_after_av_cell_one_fourth  avia-builder-el-last  content-align-top av-zero-padding'  ><div class='flex_cell_inner'><\/div><\/div>\n<\/div>\n<div id='av_section_2'  class='avia-section av-kshkz-b3b6d62431cb2f14688199b985d130b3 main_color avia-section-default avia-no-border-styling  avia-builder-el-12  el_after_av_layout_row  el_before_av_section  avia-bg-style-scroll container_wrap sidebar_right'  ><div class='container av-section-cont-open' ><div class='template-page content  av-content-small alpha units'><div class='post-entry post-entry-type-page post-entry-1302'><div class='entry-content-wrapper clearfix'>\n\n<style type=\"text\/css\" data-created_by=\"avia_inline_auto\" id=\"style-css-av-7jsr3-39bf6350225d9789b90ec8014d36bb9a\">\n@keyframes av_boxShadowEffect_av-7jsr3-39bf6350225d9789b90ec8014d36bb9a-column {\n0%   { box-shadow:  0 0 0 0 #444444; opacity: 1; }\n100% { box-shadow:  0 0 14px 0 #444444; opacity: 1; }\n}\n.flex_column.av-7jsr3-39bf6350225d9789b90ec8014d36bb9a{\nbox-shadow: 0 0 14px 0 #444444;\npadding:20px 15px 15px 15px;\nbackground-color:#e5dbcd;\n}\n<\/style>\n<div  class='flex_column av-7jsr3-39bf6350225d9789b90ec8014d36bb9a av_one_third  avia-builder-el-13  el_before_av_two_third  avia-builder-el-first  first flex_column_div shadow-not-animated  '     ><p>\n<style type=\"text\/css\" data-created_by=\"avia_inline_auto\" id=\"style-css-av-mc3nqj7g-7190099e6f9635581a8f1ba348222fcb\">\n#top .av-special-heading.av-mc3nqj7g-7190099e6f9635581a8f1ba348222fcb{\npadding-bottom:10px;\n}\nbody .av-special-heading.av-mc3nqj7g-7190099e6f9635581a8f1ba348222fcb .av-special-heading-tag .heading-char{\nfont-size:25px;\n}\n.av-special-heading.av-mc3nqj7g-7190099e6f9635581a8f1ba348222fcb .av-subheading{\nfont-size:15px;\n}\n<\/style>\n<div  class='av-special-heading av-mc3nqj7g-7190099e6f9635581a8f1ba348222fcb av-special-heading-h2 blockquote modern-quote modern-centered  avia-builder-el-14  el_before_av_textblock  avia-builder-el-first '><h2 class='av-special-heading-tag '  itemprop=\"headline\"  >KONTAKT<\/h2><div class=\"special-heading-border\"><div class=\"special-heading-inner-border\"><\/div><\/div><\/div><br \/>\n<section  class='av_textblock_section av-mc3nsyft-9de10e055937e6348e478b464771bd44 '   itemscope=\"itemscope\" itemtype=\"https:\/\/schema.org\/CreativeWork\" ><div class='avia_textblock'  itemprop=\"text\" ><p>Za sve informacije koje vas interesuju, a niste ih mogli prona\u0107i na ovom vebsajtu, mo\u017eete nam se obratiti preko emaila ili pozvati na telefon:<\/p>\n<\/div><\/section><br \/>\n\n<style type=\"text\/css\" data-created_by=\"avia_inline_auto\" id=\"style-css-av-mc3o345x-06b02f49b477db0d8479e2472d8f7f5c\">\n#top .hr.hr-invisible.av-mc3o345x-06b02f49b477db0d8479e2472d8f7f5c{\nheight:5px;\n}\n<\/style>\n<div  class='hr av-mc3o345x-06b02f49b477db0d8479e2472d8f7f5c hr-invisible  avia-builder-el-16  el_after_av_textblock  el_before_av_icon_box '><span class='hr-inner '><span class=\"hr-inner-style\"><\/span><\/span><\/div><br \/>\n\n<style type=\"text\/css\" data-created_by=\"avia_inline_auto\" id=\"style-css-av-mbw7addj-08c62aaa7c8ef813d805d52450dd6763\">\n.iconbox.av-mbw7addj-08c62aaa7c8ef813d805d52450dd6763 .iconbox_icon{\nbackground-color:#385a7a;\ncolor:#ffffff;\n}\n.iconbox.av-mbw7addj-08c62aaa7c8ef813d805d52450dd6763 .iconbox_icon.avia-svg-icon svg:first-child{\nfill:#ffffff;\nstroke:#ffffff;\n}\n<\/style>\n<article  class='iconbox iconbox_top av-mbw7addj-08c62aaa7c8ef813d805d52450dd6763  avia-builder-el-17  el_after_av_hr  el_before_av_hr  main_color'  itemscope=\"itemscope\" itemtype=\"https:\/\/schema.org\/CreativeWork\" ><div class=\"iconbox_content\"><header class=\"entry-content-header\" aria-label=\"Icon: email adresa \"><div class='iconbox_icon heading-color avia-iconfont avia-font-entypo-fontello' data-av_icon='\ue805' data-av_iconfont='entypo-fontello' title=\"email adresa \" desc=\"email adresa \" ><\/div><h2 class='iconbox_content_title '  itemprop=\"headline\" ><a href='https:\/\/www.wopg.org\/' title='email adresa '  target=\"_blank\"  rel=\"noopener noreferrer\" >email adresa <\/a><\/h2><\/header><div class='iconbox_content_container '  itemprop=\"text\" ><p style=\"text-align: center;\">\n<h3 style=\"text-align: center;\"><a href=\"mailto:info@porukamira.com\">info@porukamira.com<\/a><\/h3>\n<\/div><\/div><footer class=\"entry-footer\"><\/footer><\/article><br \/>\n\n<style type=\"text\/css\" data-created_by=\"avia_inline_auto\" id=\"style-css-av-mc3o3txd-104c89b24ce47a64389908b0b6a638f6\">\n#top .hr.hr-invisible.av-mc3o3txd-104c89b24ce47a64389908b0b6a638f6{\nheight:5px;\n}\n<\/style>\n<div  class='hr av-mc3o3txd-104c89b24ce47a64389908b0b6a638f6 hr-invisible  avia-builder-el-18  el_after_av_icon_box  el_before_av_icon_box '><span class='hr-inner '><span class=\"hr-inner-style\"><\/span><\/span><\/div><br \/>\n\n<style type=\"text\/css\" data-created_by=\"avia_inline_auto\" id=\"style-css-av-mc3khk6d-6b612a51948fc117955226db85f3e2bb\">\n.iconbox.av-mc3khk6d-6b612a51948fc117955226db85f3e2bb .iconbox_icon{\nbackground-color:#385a7a;\ncolor:#ffffff;\n}\n.iconbox.av-mc3khk6d-6b612a51948fc117955226db85f3e2bb .iconbox_icon.avia-svg-icon svg:first-child{\nfill:#ffffff;\nstroke:#ffffff;\n}\n<\/style>\n<article  class='iconbox iconbox_top av-mc3khk6d-6b612a51948fc117955226db85f3e2bb  avia-builder-el-19  el_after_av_hr  avia-builder-el-last  main_color'  itemscope=\"itemscope\" itemtype=\"https:\/\/schema.org\/CreativeWork\" ><div class=\"iconbox_content\"><header class=\"entry-content-header\" aria-label=\"Icon: kontakt telefon\"><div class='iconbox_icon heading-color avia-svg-icon avia-font-svg_entypo-fontello' data-av_svg_icon='mobile' data-av_iconset='svg_entypo-fontello' ><svg version=\"1.1\" xmlns=\"http:\/\/www.w3.org\/2000\/svg\" width=\"19\" height=\"32\" viewBox=\"0 0 19 32\" preserveAspectRatio=\"xMidYMid meet\" aria-labelledby='av-svg-title-1' aria-describedby='av-svg-desc-1' role=\"graphics-symbol\">\n<title id='av-svg-title-1'>kontakt telefon<\/title>\n<desc id='av-svg-desc-1'>kontakt telefon<\/desc>\n<path d=\"M15.36 0.32q1.344 0 2.272 0.928t0.928 2.272v24.96q0 1.28-0.928 2.24t-2.272 0.96h-12.16q-1.28 0-2.24-0.96t-0.96-2.24v-24.96q0-1.344 0.96-2.272t2.24-0.928h12.16zM9.28 30.4q0.96 0 1.6-0.48t0.64-1.12q0-0.704-0.64-1.152t-1.6-0.448q-0.896 0-1.568 0.48t-0.672 1.12 0.672 1.12 1.568 0.48zM16 25.6v-21.12h-13.44v21.12h13.44z\"><\/path>\n<\/svg><\/div><h2 class='iconbox_content_title '  itemprop=\"headline\" ><a href='https:\/\/www.wopg.org\/' title='kontakt telefon'  target=\"_blank\"  rel=\"noopener noreferrer\" >kontakt telefon<\/a><\/h2><\/header><div class='iconbox_content_container '  itemprop=\"text\" ><h3 style=\"text-align: center;\">+381653544944<\/h3>\n<\/div><\/div><footer class=\"entry-footer\"><\/footer><\/article><\/p><\/div><div  class='flex_column av-gkkg3-ab3a73a411c7b7172380111d8a3a09b5 av_two_third  avia-builder-el-20  el_after_av_one_third  avia-builder-el-last  flex_column_div  '     ><p>\n<style type=\"text\/css\" data-created_by=\"avia_inline_auto\" id=\"style-css-av-mc3mfaiq-a3a3e328f24cc6f88b21ec2ffe154a61\">\n#top .av-special-heading.av-mc3mfaiq-a3a3e328f24cc6f88b21ec2ffe154a61{\npadding-bottom:10px;\n}\nbody .av-special-heading.av-mc3mfaiq-a3a3e328f24cc6f88b21ec2ffe154a61 .av-special-heading-tag .heading-char{\nfont-size:25px;\n}\n.av-special-heading.av-mc3mfaiq-a3a3e328f24cc6f88b21ec2ffe154a61 .av-subheading{\nfont-size:15px;\n}\n<\/style>\n<div  class='av-special-heading av-mc3mfaiq-a3a3e328f24cc6f88b21ec2ffe154a61 av-special-heading-h2 blockquote modern-quote  avia-builder-el-21  el_before_av_textblock  avia-builder-el-first '><h2 class='av-special-heading-tag '  itemprop=\"headline\"  >Udru\u017eenje gra\u0111ana LI\u010cNI RAZVOJ<\/h2><div class=\"special-heading-border\"><div class=\"special-heading-inner-border\"><\/div><\/div><\/div><br \/>\n<section  class='av_textblock_section av-mbcmifgj-55fbd006f61d85239d8cdcbb6a3a68e9 '   itemscope=\"itemscope\" itemtype=\"https:\/\/schema.org\/CreativeWork\" ><div class='avia_textblock'  itemprop=\"text\" ><p>Jedna od prvih globalnih organizacija koja prati i podr\u017eava aktivnosti Prem Ravata je <a href=\"https:\/\/www.wopg.org\/\"><strong>Words of Peace Global &#8211; WOPG<\/strong><\/a>. Aktivisti &#8211; volonteri ove dobrotvorne me\u0111unarodne fondacije, inspirisani porukom Prem Ravata, u\u010destvuju u organizovanju Premovih gostovanja po celom svetu, \u017eivih programa, medijskih intervjua, \u0161tampanju materijala i knjiga, obezbe\u0111uju finansijsku pomo\u0107 i volontersku podr\u0161ku za realizaciju projekata, sve sa \u017eeljom da Premovu poruku i njegove tehnike i metode u\u010dine dostupnim za \u0161to ve\u0107i broj ljudi \u0161irom planete.<\/p>\n<p>2005. godine kod nas je osnovano Udru\u017eenje gra\u0111ana LI\u010cNI RAZVOJ sa istom idejom da pomogne \u0161irenje ove poruke na na\u0161im prostorima, u Srbiji i balkanskom regionu. U proteklom periodu organizovan je veliki broj video projekcija, \u017eivih programa, emitovanje TV epizoda, prevo\u0111enje raznih inspirativnih materijala i knjiga.<\/p>\n<p>Danas Premove aktivnosti podr\u017eava na globalnom nivou, pored WOPG, jo\u0161 nekoliko organizacija zadu\u017eenih za razli\u010dite aktivnosti. Na\u0161e udru\u017eenje radi u potpunosti pod okriljem i u saglasnosti sa Premovim partnerskim organizacijama.<\/p>\n<p>Kratki opis i linkove ka glavnim Premovim globalnim partnerima pogledajte na na\u0161oj naslovnoj stranici <a href=\"https:\/\/porukamira.com\/#global-link\">ovde<\/a>.<\/p>\n<\/div><\/section><\/p><\/div><\/div><\/div><\/div><!-- close content main div --><\/div><\/div>\n<style type=\"text\/css\" data-created_by=\"avia_inline_auto\" id=\"style-css-av-9e92b-467b83d7dc2d2f25ad5168a339d41f67\">\n.avia-section.av-9e92b-467b83d7dc2d2f25ad5168a339d41f67{\nmargin-top:50px;\n}\n<\/style>\n<div id='av_section_3'  class='avia-section av-9e92b-467b83d7dc2d2f25ad5168a339d41f67 main_color avia-section-default avia-no-border-styling  avia-builder-el-23  el_after_av_section  el_before_av_layout_row  avia-bg-style-scroll container_wrap sidebar_right'  ><div class='container av-section-cont-open' ><div class='template-page content  av-content-small alpha units'><div class='post-entry post-entry-type-page post-entry-1302'><div class='entry-content-wrapper clearfix'>\n<div  class='avia-logo-element-container av-mbqnuyn6-d50bba64339d28a7a0c8a86906f0b80f av-border-deactivate avia-logo-slider avia-content-slider avia-smallarrow-slider avia-content-slider-active noHover avia-content-slider-odd  avia-builder-el-24  avia-builder-el-no-sibling  av-slideshow-ui av-control-hidden av-nav-arrows-visible av-nav-dots-visible av-no-slider-navigation av-hide-nav-arrows av-slideshow-manual av-loop-once av-loop-manual-endless avia-content-slider1' data-slideshow-options=\"{&quot;animation&quot;:&quot;slide&quot;,&quot;autoplay&quot;:false,&quot;loop_autoplay&quot;:&quot;once&quot;,&quot;interval&quot;:5,&quot;loop_manual&quot;:&quot;manual-endless&quot;,&quot;autoplay_stopper&quot;:false,&quot;noNavigation&quot;:true,&quot;bg_slider&quot;:false,&quot;keep_padding&quot;:&quot;&quot;,&quot;hoverpause&quot;:false,&quot;show_slide_delay&quot;:0}\"><div class='avia-smallarrow-slider-heading  no-logo-slider-heading '><\/div><div class=\"avia-content-slider-inner\"><div class=\"slide-entry-wrap\"><div  class='slide-entry av-mbqo2v6y-8961ad48301fe284e67ce00519ffe1d7 flex_column no_margin av_one_fifth real-thumbnail post-entry slide-entry-overview slide-loop-1 slide-parity-odd  first'><a href=\"https:\/\/www.wopg.org\/\" data-rel='slide-1' class='slide-image' title=''  target=\"_blank\"  rel=\"noopener noreferrer\"><img decoding=\"async\" fetchpriority=\"high\" width=\"260\" height=\"70\" src=\"https:\/\/porukamira.com\/wp-content\/uploads\/2025\/06\/logo-wopg-260.jpg\" class=\"wp-image-967 avia-img-lazy-loading-not-967 attachment-no scaling size-no scaling\" alt=\"\" \/><\/a><\/div><div  class='slide-entry av-mbqo1foq-28a216a7cffab40c15a3e7de1615b94c flex_column no_margin av_one_fifth real-thumbnail post-entry slide-entry-overview slide-loop-2 slide-parity-even  '><a href=\"https:\/\/www.premrawat.com\/\" data-rel='slide-1' class='slide-image' title=''  target=\"_blank\"  rel=\"noopener noreferrer\"><img decoding=\"async\" fetchpriority=\"high\" width=\"260\" height=\"70\" src=\"https:\/\/porukamira.com\/wp-content\/uploads\/2025\/06\/logo-pr-260.jpg\" class=\"wp-image-970 avia-img-lazy-loading-not-970 attachment-no scaling size-no scaling\" alt=\"\" \/><\/a><\/div><div  class='slide-entry av-mbqo3mmm-1d3238c45a69788b2914e7776eb7bf0a flex_column no_margin av_one_fifth real-thumbnail post-entry slide-entry-overview slide-loop-3 slide-parity-odd  '><a href=\"https:\/\/www.timelesstoday.tv\/\" data-rel='slide-1' class='slide-image' title=''  target=\"_blank\"  rel=\"noopener noreferrer\"><img decoding=\"async\" fetchpriority=\"high\" width=\"260\" height=\"70\" src=\"https:\/\/porukamira.com\/wp-content\/uploads\/2025\/06\/logo-tt-260.jpg\" class=\"wp-image-969 avia-img-lazy-loading-not-969 attachment-no scaling size-no scaling\" alt=\"\" \/><\/a><\/div><div  class='slide-entry av-mbqo4ifv-fba43609b316d0dd9b2f7331f685bd5c flex_column no_margin av_one_fifth real-thumbnail post-entry slide-entry-overview slide-loop-4 slide-parity-even  '><a href=\"https:\/\/tprf.org\/\" data-rel='slide-1' class='slide-image' title=''  target=\"_blank\"  rel=\"noopener noreferrer\"><img decoding=\"async\" fetchpriority=\"high\" width=\"260\" height=\"70\" src=\"https:\/\/porukamira.com\/wp-content\/uploads\/2025\/06\/logo-tprf-260.jpg\" class=\"wp-image-968 avia-img-lazy-loading-not-968 attachment-no scaling size-no scaling\" alt=\"\" \/><\/a><\/div><div  class='slide-entry av-mbqo55wm-bbfc297593ec24c99ec8925b1267d2e0 flex_column no_margin av_one_fifth real-thumbnail post-entry slide-entry-overview slide-loop-5 slide-parity-odd post-entry-last '><a href=\"https:\/\/www.intelligentexistence.com\/\" data-rel='slide-1' class='slide-image' title=''  target=\"_blank\"  rel=\"noopener noreferrer\"><img decoding=\"async\" fetchpriority=\"high\" width=\"260\" height=\"70\" src=\"https:\/\/porukamira.com\/wp-content\/uploads\/2025\/06\/logo-ie-260.jpg\" class=\"wp-image-971 avia-img-lazy-loading-not-971 attachment-no scaling size-no scaling\" alt=\"\" \/><\/a><\/div><\/div><\/div><\/div>\n<\/p>\n<\/div><\/div><\/div><!-- close content main div --><\/div><\/div><div id='welcome'  class='av-layout-grid-container av-wdhr9-f7581b0f15400ada3f17176e02cf10c6 entry-content-wrapper main_color av-fixed-cells  avia-builder-el-25  el_after_av_section  avia-builder-el-last  grid-row-not-first  container_wrap sidebar_right'  >\n\n<style type=\"text\/css\" data-created_by=\"avia_inline_auto\" id=\"style-css-av-2wphh-6d440e8639f7397edcd7ad9f5b9071a3\">\n.flex_cell.av-2wphh-6d440e8639f7397edcd7ad9f5b9071a3{\nvertical-align:top;\nheight:15px;\nmin-height:15px;\nbackground-color:#47627b;\n}\n.responsive #top #wrap_all .flex_cell.av-2wphh-6d440e8639f7397edcd7ad9f5b9071a3{\npadding:0px 0px 0px 0px !important;\n}\n<\/style>\n<div class='flex_cell av-2wphh-6d440e8639f7397edcd7ad9f5b9071a3 av-gridrow-cell av_one_fourth no_margin  avia-builder-el-26  el_before_av_cell_one_fourth  avia-builder-el-first  content-align-top av-zero-padding'  ><div class='flex_cell_inner'><\/div><\/div>\n<style type=\"text\/css\" data-created_by=\"avia_inline_auto\" id=\"style-css-av-jitw5-16460610cd5fa0b5b06507e7b6143061\">\n.flex_cell.av-jitw5-16460610cd5fa0b5b06507e7b6143061{\nvertical-align:top;\nheight:15px;\nmin-height:15px;\nbackground-color:#527593;\n}\n.responsive #top #wrap_all .flex_cell.av-jitw5-16460610cd5fa0b5b06507e7b6143061{\npadding:0px 0px 0px 0px !important;\n}\n<\/style>\n<div class='flex_cell av-jitw5-16460610cd5fa0b5b06507e7b6143061 av-gridrow-cell av_one_fourth no_margin  avia-builder-el-27  el_after_av_cell_one_fourth  el_before_av_cell_one_fourth  content-align-top av-zero-padding'  ><div class='flex_cell_inner'><\/div><\/div>\n<style type=\"text\/css\" data-created_by=\"avia_inline_auto\" id=\"style-css-av-czn2l-306958f9bbf0f3098bdf9c8c52900e14\">\n.flex_cell.av-czn2l-306958f9bbf0f3098bdf9c8c52900e14{\nvertical-align:top;\nheight:15px;\nmin-height:15px;\nbackground-color:#7695ae;\n}\n.responsive #top #wrap_all .flex_cell.av-czn2l-306958f9bbf0f3098bdf9c8c52900e14{\npadding:0px 0px 0px 0px !important;\n}\n<\/style>\n<div class='flex_cell av-czn2l-306958f9bbf0f3098bdf9c8c52900e14 av-gridrow-cell av_one_fourth no_margin  avia-builder-el-28  el_after_av_cell_one_fourth  el_before_av_cell_one_fourth  content-align-top av-zero-padding'  ><div class='flex_cell_inner'><\/div><\/div>\n<style type=\"text\/css\" data-created_by=\"avia_inline_auto\" id=\"style-css-av-bn8sd-291868c2d06116dfe9938c12ec570349\">\n.flex_cell.av-bn8sd-291868c2d06116dfe9938c12ec570349{\nvertical-align:top;\nheight:15px;\nmin-height:15px;\nbackground-color:#a5c3d7;\n}\n.responsive #top #wrap_all .flex_cell.av-bn8sd-291868c2d06116dfe9938c12ec570349{\npadding:0px 0px 0px 0px !important;\n}\n<\/style>\n<div class='flex_cell av-bn8sd-291868c2d06116dfe9938c12ec570349 av-gridrow-cell av_one_fourth no_margin  avia-builder-el-29  el_after_av_cell_one_fourth  avia-builder-el-last  content-align-top av-zero-padding'  ><div class='flex_cell_inner'><\/div><\/div>\n<\/div>\n","protected":false},"excerpt":{"rendered":"","protected":false},"author":1,"featured_media":0,"parent":0,"menu_order":0,"comment_status":"closed","ping_status":"closed","template":"","meta":{"footnotes":""},"class_list":["post-1302","page","type-page","status-publish","hentry"],"_links":{"self":[{"href":"https:\/\/porukamira.com\/index.php\/wp-json\/wp\/v2\/pages\/1302","targetHints":{"allow":["GET"]}}],"collection":[{"href":"https:\/\/porukamira.com\/index.php\/wp-json\/wp\/v2\/pages"}],"about":[{"href":"https:\/\/porukamira.com\/index.php\/wp-json\/wp\/v2\/types\/page"}],"author":[{"embeddable":true,"href":"https:\/\/porukamira.com\/index.php\/wp-json\/wp\/v2\/users\/1"}],"replies":[{"embeddable":true,"href":"https:\/\/porukamira.com\/index.php\/wp-json\/wp\/v2\/comments?post=1302"}],"version-history":[{"count":20,"href":"https:\/\/porukamira.com\/index.php\/wp-json\/wp\/v2\/pages\/1302\/revisions"}],"predecessor-version":[{"id":1644,"href":"https:\/\/porukamira.com\/index.php\/wp-json\/wp\/v2\/pages\/1302\/revisions\/1644"}],"wp:attachment":[{"href":"https:\/\/porukamira.com\/index.php\/wp-json\/wp\/v2\/media?parent=1302"}],"curies":[{"name":"wp","href":"https:\/\/api.w.org\/{rel}","templated":true}]}}